 Calculate m(l).
5
Let y(h) = -157*h + 946. Let o be y(6). Let m(s) = 3*s - 16. What is m(o)?
-4
Suppose -x = x. Let o(p) = x*p - 3 - 5*p - p**2 + 2*p - 3*p. What is o(-4)?
5
Let w(h) = 8*h + 4. Let q = -24 - -20. What is w(q)?
-28
Let c(n) = n**3 - n - 16*n**2 - 137*n**2 + 136*n**2 + 25. What is c(17)?
8
Let g be ((-4)/(-8) - 1)*-22. Let x = 13 - g. Let c(p) = -2*p + 3. Give c(x).
-1
Let o(c) be the second derivative of -7*c**5/20 - c**3/6 - c**2/2 - 3*c. Let t(d) = -d**3 + 10*d**2 + 8*d + 32. Let i be t(11). Calculate o(i).
7
Let w(f) = f**3 + 13*f**2 - 15*f - 11. Let i be w(-14). Let n(b) = 2*b**i + 2 + 160*b - 160*b - b**3 + 6*b**2. Give n(-6).
2
Let o(i) = i**2 - 5. Suppose 5*n - 15 + 5 = 0. Suppose t + 4*t - 11 = n*v, 4*t - 14 = -v. Suppose 3*s = -0*s, 0 = -k - v*s. Determine o(k).
-5
Let t(z) = -z - 12. Suppose 404*p - 44 = 400*p. Calculate t(p).
-23
Let y(w) = -4*w - 1. Suppose a - 1 = -2. Give y(a).
3
Let k(g) = -3*g - 8. Let y be k(-4). Let t(c) = 2 + 0*c + 26*c**2 + y*c - 25*c**2 - 2*c. Calculate t(-4).
10
Let c(s) = -s**2 - 8*s - 5. Suppose 0 = 24*j - 43*j - 114. Determine c(j).
7
Let n(v) = -4*v**2 - 3*v + 6. Let s(t) = 7*t**2 + 7*t - 11. Let m(y) = -5*n(y) - 3*s(y). What is m(-7)?
-4
Suppose -15*k + 45 = -6*k. Let o(p) be the first derivative of p**4/4 - 4*p**3/3 - 3*p**2 - 2*p + 1. Calculate o(k).
-7
Let f = -3181 - -4524. Let o(u) = 1332*u - 1 - u**2 + 0 - f*u. Calculate o(-11).
-1
Let h(s) = s**3 + 13*s**2 + 2*s + 22. Suppose -4*b + 3*d - 16 = 33, -3*b - 36 = -3*d. Let v be h(b). Let n(p) = -p**2 - 2*p. Calculate n(v).
-8
Let d(p) = -3*p. Let j be d(-1). Let z(l) be the second derivative of -1/3*l**3 - 3/2*l**2 + 13*l + 0. Determine z(j).
-9
Let t(i) = -i. Suppose 0 = -5*k - u + 35, -5*k = -4*k - 4*u - 7. Give t(k).
-7
Let h(a) = -2*a + 19. Let z be h(9). Let x be (3 - z) + 0 + -1. Let s(u) = -7*u**3 + u**2 - u + 1. Give s(x).
-6
Let w be (2/2)/((-1)/(-5)). Let b(o) be the second derivative of 5/6*o**3 + 5/2*o**2 - 1/12*o**4 + 0 + 10*o. Determine b(w).
5
Let r(i) = -i**3 - 12*i**2 + 45*i - 12. Let n be r(-15). Let b(q) = -q**3 - 11*q**2 + 13*q - 4. Calculate b(n).
-16
Suppose 270 = -0*g + 3*g. Suppose 13*u - g = -2*u. Let v(f) = -f**2 + 8*f - 6. What is v(u)?
6
Let d(m) = -2*m**3 - 3*m**2 - 2*m. Let r be (-3)/(1/(-2)*3). Suppose 4*b - 4*h - 25 = -b, -3*b - 3*h = -15. Suppose r*w = -b + 1. What is d(w)?
8
Let g(k) = -6*k**3 + 2*k**2 + 2*k + 1. Suppose 0 = -0*x + 3*x - 27. Let y = 14 - x. Suppose -2*c - y = 5*n - 0*c, -c = -5*n - 5. What is g(n)?
7
Let z(w) = 11*w**3 - 43*w**2 - 37*w + 22. Let v(y) = -3*y**3 + 14*y**2 + 12*y - 7. Let l(x) = -7*v(x) - 2*z(x). Calculate l(-11).
-6
Let a = -1005 - -1006. Let b(h) = -18*h**3 - 4*h**2 + 2*h + 4. Let m(t) = -35*t**3 - 9*t**2 + 5*t + 9. Let v(y) = 7*b(y) - 3*m(y). What is v(a)?
-22
Let t(c) = -c**3 - 4*c**2 - 2*c. Let b = -182 - -178. Determine t(b).
8
Let x(r) = -3*r**3 - 2*r**2 + 1. Let f(u) = u**2 - 25. Let v be f(6). Suppose -3*d = -0*h - 3*h - 18, -2*h = -d + v. Calculate x(d).
-4
Let u(d) be the second derivative of d**4/6 - 2*d**3/3 + d**2 - 8*d. Let m(x) = -2*x - 9. Let r be m(-6). Suppose 18 - r = 5*z. What is u(z)?
8
Let n(o) = -2 - o + 0*o + 0*o. Suppose -79*c = -84*c - 220. Let k = c - -41. Determine n(k).
1
Let l(s) = -s**2 + 7*s + 2. Suppose 0 = 2*v - 9 - 11. Let i(p) = p**2 - 13*p + 38. Let r be i(v). Give l(r).
-6
Let t(x) be the third derivative of -7*x**6/60 - x**5/60 + x**3/6 - 566*x**2. Determine t(-1).
14
Let q = 31 - 30. Suppose -5*u - o + q = 0, 1 + 0 = -5*u + o. Suppose 0*b + 3*b + 18 = u. Let m(p) = -p**3 - 5*p**2 + 6*p + 5. Determine m(b).
5
Let o(m) be the first derivative of m**3/3 - 3*m**2 - 3*m - 13. Let z be o(6). Let w(h) = h**2 + 7*h + 3. Calculate w(z).
-9
Let b(s) = -1834*s + 0*s**3 + 4 + s**3 - 11*s**2 + 1843*s. Determine b(10).
-6
Suppose -126 = 2*w - 0. Let c = w + 71. Let o(i) = i**3 - 8*i**2 - i + 8. Calculate o(c).
0
Let s(u) be the first derivative of -u**5/10 + u**4/24 - 25*u**2/2 - 10. Let j(p) be the second derivative of s(p). Give j(1).
-5
Let v be 62/(-4)*(4 - 2). Let z = v - -28. Let j(i) = i. Determine j(z).
-3
Let v(d) = 11*d**2 - 1 - 7*d**3 - 9*d**2 + 0*d**3 - 2*d**3 - 4*d**3. What is v(-1)?
14
Let g be -121 - -128 - 6*(-6)/(-2). Let u(w) = w**2 + 10*w - 14. Calculate u(g).
-3
Let t(n) = 4 - 11 + 0*n + n**2 + 4*n - 12. Determine t(-6).
-7
Let d(r) be the third derivative of -r**4/8 - 2*r**3/3 + 4*r**2. Let t be d(-3). Suppose 4*g + t*p = -6, 5*g + p - 6*p = 15. Let q(w) = -5*w**2 + 1. Give q(g).
-4
Let k(x) be the third derivative of -1/120*x**6 + 1/3*x**3 + 21*x**2 + 1/20*x**5 + 0*x + 0 + 1/12*x**4. Give k(3).
8
Let m(f) = -f**3 - 12*f**2 - 11*f - 1. Let g be m(-11). Let r(b) = 18*b**3 + b. What is r(g)?
-19
Let s(a) = -24*a - 16. Let g(z) = 2*z + 1. Let y(t) = -10*g(t) - s(t). Determine y(-4).
-10
Let o(m) be the third derivative of m**7/5040 + m**6/180 - m**5/30 + 10*m**2. Let d(g) be the third derivative of o(g). What is d(4)?
8
Let n(l) = -11*l + 20. Let u(o) = -13*o + 19. Let v(s) = -4*n(s) + 3*u(s). Determine v(3).
-8
Suppose -9 = 3*v, 0 = -2*i - v - 2*v - 5. Let w(l) = l**3 - l**2 - l - 2. Determine w(i).
0
Suppose 14 + 6 = 4*u - 4*v, -5*u + 13 = v. Let y(b) = -b**3 + 3*b**2 - 2*b + 4. Let j be y(u). Let c(n) = -3*n**2 - 4*n - 2. Calculate c(j).
-6
Let v(f) = 3*f - 7. Let w(s) be the second derivative of 0 + 3/10*s**5 - 1/6*s**4 - 1/2*s**2 - 8*s + 1/3*s**3. Let t be w(1). Calculate v(t).
8
Suppose -r + 9 = 7. Let o(x) = -x - 5 + x**3 - 1 + r*x + 2*x**2 + 7. What is o(2)?
19
Let p be (4/1)/(-2) + 3/1. Let d = p - 4. Let m(w) = w**2 + 4*w. What is m(d)?
-3
Let y(q) be the first derivative of -q**4/4 - 8*q**3/3 - q**2/2 - 2*q - 166. What is y(-7)?
-44
Let x(t) = -16 + 2*t**2 + 4*t**2 + 6*t - 4*t**2 + 4*t**2. Let r(g) = g**2 + g - 3. Let d(s) = -11*r(s) + 2*x(s). Calculate d(0).
1
Let s(p) = p**3 - 8*p**2 + 3*p. Let j be (42/(-8))/((-15)/20). Give s(j).
-28
Suppose 0 = 3*r + 15 - 21. Let x(y) = y**3 + 3 - 4 + 8*y**r - 3*y**2 - 6*y. Let c be x(-6). Let m(k) = 6*k. Determine m(c).
-6
Let c(g) = 7*g + 16. Let t(m) = 20*m + 45. Let v(w) = 17*c(w) - 6*t(w). What is v(-5)?
7
Let l(q) be the third derivative of q**6/120 - q**5/10 + 7*q**4/24 - 2*q**3/3 + 26*q**2 + 8*q. Determine l(5).
6
Let m(p) = -4*p + 4. Suppose -4*r - 5 = -5*j, -1 + 5 = 4*j - 4*r. Give m(j).
0
Let j(z) = 0*z + z**2 + 6*z - 24 + 6. Let q be j(-8). Let w(k) be the second derivative of k**3/6 + k**2/2 - k. Determine w(q).
-1
Let j(r) = 2*r - 7. Let a be j(5). Let l(p) = p**3 + 27*p**2 + 2*p + 59. Let n be l(-27). Let m(g) = 3*g - g**2 - 6 - 4*g**3 + 7*g**2 + n*g**a. Determine m(-5).
4
Let u(z) = z**3 - 4*z**2 + 2*z - 3. Let m = -22 + 31. Suppose 3*q = m*q - 18. Suppose q*o - 7 = -3*i + 2*i, 4 = -2*i. Determine u(o).
-6
Let i(j) = 2*j**2 + 18*j + 11. Let o(m) = 73*m + 503. Let r be o(-7). What is i(r)?
-5
Let r(a) = a**3 - 6*a**2 - 8. Let y = 40 + -34. Suppose 0 = 3*c + y*s - 3*s - 33, 10 = 5*c - 4*s. Give r(c).
-8
Let z(u) = -4*u + 1. Let g(k) = 5*k + 1 - 8*k + 2*k - 2*k. Let s = 7 - 11. Let l(q) = s*z(q) + 5*g(q). What is l(-6)?
-5
Let i(o) = -17084*o - 6 + 8534*o + 8536*o + o**2. Give i(9).
-51
Let g(d) = 3*d**2 + 3*d**2 + 86 - 13*d - 77 + 5*d - 5*d**2. Suppose m - 9 = -3*z + 2*z, -m + 3 = 0. Calculate g(z).
-3
Let j(a) be the first derivative of 30 - a + 9/2*a**2 + 1/4*a**4 + 8/3*a**3. Calculate j(-7).
-15
Let q(d) be the third derivative of -d**6/360 - d**5/24 - 13*d**4/24 + 6*d**2. Let z(x) be the second derivative of q(x). Determine z(-7).
9
Let o(n) be the second derivative of -n**3/6 - 3*n**2/2 - 2*n. Suppose -3*h = -2*w + 34 - 46, 5*w = 3*h - 3. What is o(h)?
-9
Let p(r) = -r**2 - 10*r + 48. Let k be p(4). Let z(y) = 2*y + 11. Give z(k).
-5
Let h(k) = k**2 + 9*k - 31. Let m = 603 + -614. Calculate h(m).
-9
Let o = 66 + -45. Let f(j) = 4 - 25*j**2 - o*j**2 + 45*j**2. What is f(-3)?
-5
Suppose -4*t + 24 = -4*k, 5*k - t + 16 = -14. Let l = 0 - k. Let c(x) = -2*x - l + 12 - 3. What is c(3)?
-3
Let m(n) = 9*n**2 + 2*n - 3. Let r(b) = 46*b**2 + 10*b - 16. Let f(u) = 11*m(u) - 2*r(u). Let y(k) = 15*k - 88. Let l be y(6). Determine f(l).
31
Let l(w) = w**2 - w + 1. Let b = -282 - -288. Give l(b).
31
Let o(y) be the third derivative of -y**6/120 + 13*y**5/60 + 2*y**